{"id":2441,"date":"2025-02-17T13:00:17","date_gmt":"2025-02-17T13:00:17","guid":{"rendered":"https:\/\/butik-bella.com\/vecerno-maturantske-obleke-2\/"},"modified":"2025-10-20T14:54:03","modified_gmt":"2025-10-20T14:54:03","slug":"abiti-da-sera-cerimonia","status":"publish","type":"page","link":"https:\/\/butik-bella.com\/it\/abiti-da-sera-cerimonia\/","title":{"rendered":"Abiti da sera - cerimonia"},"content":{"rendered":"","protected":false},"excerpt":{"rendered":"","protected":false},"author":1,"featured_media":0,"parent":0,"menu_order":0,"comment_status":"closed","ping_status":"closed","template":"","meta":{"_acf_changed":false,"footnotes":""},"class_list":["post-2441","page","type-page","status-publish","hentry"],"acf":[],"yoast_head":"<!-- This site is optimized with the Yoast SEO plugin v26.7 - https:\/\/yoast.com\/wordpress\/plugins\/seo\/ -->\n<title>Abiti da sera - cerimonia - Poro\u010dni butik Bella, Nova Gorica - Vse za vajin poro\u010dni dan!<\/title>\n<meta name=\"robots\" content=\"index, follow, max-snippet:-1, max-image-preview:large, max-video-preview:-1\" \/>\n<link rel=\"canonical\" href=\"https:\/\/butik-bella.com\/it\/abiti-da-sera-cerimonia\/\" \/>\n<meta property=\"og:locale\" content=\"it_IT\" \/>\n<meta property=\"og:type\" content=\"article\" \/>\n<meta property=\"og:title\" content=\"Abiti da sera - cerimonia - Poro\u010dni butik Bella, Nova Gorica - Vse za vajin poro\u010dni dan!\" \/>\n<meta property=\"og:url\" content=\"https:\/\/butik-bella.com\/it\/abiti-da-sera-cerimonia\/\" \/>\n<meta property=\"og:site_name\" content=\"Poro\u010dni butik Bella, Nova Gorica - Vse za vajin poro\u010dni dan!\" \/>\n<meta property=\"article:modified_time\" content=\"2025-10-20T14:54:03+00:00\" \/>\n<meta name=\"twitter:card\" content=\"summary_large_image\" \/>\n<meta name=\"twitter:label1\" content=\"Tempo di lettura stimato\" \/>\n\t<meta name=\"twitter:data1\" content=\"1 minuto\" \/>\n<script type=\"application\/ld+json\" class=\"yoast-schema-graph\">{\"@context\":\"https:\/\/schema.org\",\"@graph\":[{\"@type\":\"WebPage\",\"@id\":\"https:\/\/butik-bella.com\/it\/abiti-da-sera-cerimonia\/\",\"url\":\"https:\/\/butik-bella.com\/it\/abiti-da-sera-cerimonia\/\",\"name\":\"Abiti da sera - cerimonia - Poro\u010dni butik Bella, Nova Gorica - Vse za vajin poro\u010dni dan!\",\"isPartOf\":{\"@id\":\"https:\/\/butik-bella.com\/it\/#website\"},\"datePublished\":\"2025-02-17T13:00:17+00:00\",\"dateModified\":\"2025-10-20T14:54:03+00:00\",\"breadcrumb\":{\"@id\":\"https:\/\/butik-bella.com\/it\/abiti-da-sera-cerimonia\/#breadcrumb\"},\"inLanguage\":\"it-IT\",\"potentialAction\":[{\"@type\":\"ReadAction\",\"target\":[\"https:\/\/butik-bella.com\/it\/abiti-da-sera-cerimonia\/\"]}]},{\"@type\":\"BreadcrumbList\",\"@id\":\"https:\/\/butik-bella.com\/it\/abiti-da-sera-cerimonia\/#breadcrumb\",\"itemListElement\":[{\"@type\":\"ListItem\",\"position\":1,\"name\":\"Home\",\"item\":\"https:\/\/butik-bella.com\/it\/\"},{\"@type\":\"ListItem\",\"position\":2,\"name\":\"Abiti da sera - cerimonia\"}]},{\"@type\":\"WebSite\",\"@id\":\"https:\/\/butik-bella.com\/it\/#website\",\"url\":\"https:\/\/butik-bella.com\/it\/\",\"name\":\"Poro\u010dni butik Bella, Nova Gorica - Vse za vajin poro\u010dni dan!\",\"description\":\"Vse za vajin poro\u010dni dan\",\"potentialAction\":[{\"@type\":\"SearchAction\",\"target\":{\"@type\":\"EntryPoint\",\"urlTemplate\":\"https:\/\/butik-bella.com\/it\/?s={search_term_string}\"},\"query-input\":{\"@type\":\"PropertyValueSpecification\",\"valueRequired\":true,\"valueName\":\"search_term_string\"}}],\"inLanguage\":\"it-IT\"}]}<\/script>\n<!-- \/ Yoast SEO plugin. -->","yoast_head_json":{"title":"Abiti da sera - cerimonia - Poro\u010dni butik Bella, Nova Gorica - Vse za vajin poro\u010dni dan!","robots":{"index":"index","follow":"follow","max-snippet":"max-snippet:-1","max-image-preview":"max-image-preview:large","max-video-preview":"max-video-preview:-1"},"canonical":"https:\/\/butik-bella.com\/it\/abiti-da-sera-cerimonia\/","og_locale":"it_IT","og_type":"article","og_title":"Abiti da sera - cerimonia - Poro\u010dni butik Bella, Nova Gorica - Vse za vajin poro\u010dni dan!","og_url":"https:\/\/butik-bella.com\/it\/abiti-da-sera-cerimonia\/","og_site_name":"Poro\u010dni butik Bella, Nova Gorica - Vse za vajin poro\u010dni dan!","article_modified_time":"2025-10-20T14:54:03+00:00","twitter_card":"summary_large_image","twitter_misc":{"Tempo di lettura stimato":"1 minuto"},"schema":{"@context":"https:\/\/schema.org","@graph":[{"@type":"WebPage","@id":"https:\/\/butik-bella.com\/it\/abiti-da-sera-cerimonia\/","url":"https:\/\/butik-bella.com\/it\/abiti-da-sera-cerimonia\/","name":"Abiti da sera - cerimonia - Poro\u010dni butik Bella, Nova Gorica - Vse za vajin poro\u010dni dan!","isPartOf":{"@id":"https:\/\/butik-bella.com\/it\/#website"},"datePublished":"2025-02-17T13:00:17+00:00","dateModified":"2025-10-20T14:54:03+00:00","breadcrumb":{"@id":"https:\/\/butik-bella.com\/it\/abiti-da-sera-cerimonia\/#breadcrumb"},"inLanguage":"it-IT","potentialAction":[{"@type":"ReadAction","target":["https:\/\/butik-bella.com\/it\/abiti-da-sera-cerimonia\/"]}]},{"@type":"BreadcrumbList","@id":"https:\/\/butik-bella.com\/it\/abiti-da-sera-cerimonia\/#breadcrumb","itemListElement":[{"@type":"ListItem","position":1,"name":"Home","item":"https:\/\/butik-bella.com\/it\/"},{"@type":"ListItem","position":2,"name":"Abiti da sera - cerimonia"}]},{"@type":"WebSite","@id":"https:\/\/butik-bella.com\/it\/#website","url":"https:\/\/butik-bella.com\/it\/","name":"Poro\u010dni butik Bella, Nova Gorica - Vse za vajin poro\u010dni dan!","description":"Vse za vajin poro\u010dni dan","potentialAction":[{"@type":"SearchAction","target":{"@type":"EntryPoint","urlTemplate":"https:\/\/butik-bella.com\/it\/?s={search_term_string}"},"query-input":{"@type":"PropertyValueSpecification","valueRequired":true,"valueName":"search_term_string"}}],"inLanguage":"it-IT"}]}},"_links":{"self":[{"href":"https:\/\/butik-bella.com\/it\/wp-json\/wp\/v2\/pages\/2441","targetHints":{"allow":["GET"]}}],"collection":[{"href":"https:\/\/butik-bella.com\/it\/wp-json\/wp\/v2\/pages"}],"about":[{"href":"https:\/\/butik-bella.com\/it\/wp-json\/wp\/v2\/types\/page"}],"author":[{"embeddable":true,"href":"https:\/\/butik-bella.com\/it\/wp-json\/wp\/v2\/users\/1"}],"replies":[{"embeddable":true,"href":"https:\/\/butik-bella.com\/it\/wp-json\/wp\/v2\/comments?post=2441"}],"version-history":[{"count":1,"href":"https:\/\/butik-bella.com\/it\/wp-json\/wp\/v2\/pages\/2441\/revisions"}],"predecessor-version":[{"id":2442,"href":"https:\/\/butik-bella.com\/it\/wp-json\/wp\/v2\/pages\/2441\/revisions\/2442"}],"wp:attachment":[{"href":"https:\/\/butik-bella.com\/it\/wp-json\/wp\/v2\/media?parent=2441"}],"curies":[{"name":"wp","href":"https:\/\/api.w.org\/{rel}","templated":true}]}}

<!-- This site is optimized with the Yoast SEO plugin v26.7 - https://yoast.com/wordpress/plugins/seo/ -->
<title>Abiti da sera - cerimonia - Poročni butik Bella, Nova Gorica - Vse za vajin poročni dan!</title>
<meta name="robots" content="index, follow, max-snippet:-1, max-image-preview:large, max-video-preview:-1" />
<link rel="canonical" href="https://butik-bella.com/it/abiti-da-sera-cerimonia/" />
<meta property="og:locale" content="it_IT" />
<meta property="og:type" content="article" />
<meta property="og:title" content="Abiti da sera - cerimonia - Poročni butik Bella, Nova Gorica - Vse za vajin poročni dan!" />
<meta property="og:url" content="https://butik-bella.com/it/abiti-da-sera-cerimonia/" />
<meta property="og:site_name" content="Poročni butik Bella, Nova Gorica - Vse za vajin poročni dan!" />
<meta property="article:modified_time" content="2025-10-20T14:54:03+00:00" />
<meta name="twitter:card" content="summary_large_image" />
<meta name="twitter:label1" content="Tempo di lettura stimato" />
	<meta name="twitter:data1" content="1 minuto" />
<script type="application/ld+json" class="yoast-schema-graph">{"@context":"https://schema.org","@graph":[{"@type":"WebPage","@id":"https://butik-bella.com/it/abiti-da-sera-cerimonia/","url":"https://butik-bella.com/it/abiti-da-sera-cerimonia/","name":"Abiti da sera - cerimonia - Poročni butik Bella, Nova Gorica - Vse za vajin poročni dan!","isPartOf":{"@id":"https://butik-bella.com/it/#website"},"datePublished":"2025-02-17T13:00:17+00:00","dateModified":"2025-10-20T14:54:03+00:00","breadcrumb":{"@id":"https://butik-bella.com/it/abiti-da-sera-cerimonia/#breadcrumb"},"inLanguage":"it-IT","potentialAction":[{"@type":"ReadAction","target":["https://butik-bella.com/it/abiti-da-sera-cerimonia/"]}]},{"@type":"BreadcrumbList","@id":"https://butik-bella.com/it/abiti-da-sera-cerimonia/#breadcrumb","itemListElement":[{"@type":"ListItem","position":1,"name":"Home","item":"https://butik-bella.com/it/"},{"@type":"ListItem","position":2,"name":"Abiti da sera - cerimonia"}]},{"@type":"WebSite","@id":"https://butik-bella.com/it/#website","url":"https://butik-bella.com/it/","name":"Poročni butik Bella, Nova Gorica - Vse za vajin poročni dan!","description":"Vse za vajin poročni dan","potentialAction":[{"@type":"SearchAction","target":{"@type":"EntryPoint","urlTemplate":"https://butik-bella.com/it/?s={search_term_string}"},"query-input":{"@type":"PropertyValueSpecification","valueRequired":true,"valueName":"search_term_string"}}],"inLanguage":"it-IT"}]}</script>
<!-- / Yoast SEO plugin. -->

Abiti da sera - cerimonia - Poročni butik Bella, Nova Gorica - Vse za vajin poročni dan!

Poročni butik Bella, Nova Gorica - Vse za vajin poročni dan!

Vse za vajin poročni dan
